{"id":21,"date":"2019-09-24T18:49:50","date_gmt":"2019-09-24T16:49:50","guid":{"rendered":"http:\/\/revelateurdevotretalent.com\/?page_id=21"},"modified":"2024-04-23T09:32:34","modified_gmt":"2024-04-23T07:32:34","slug":"accueil","status":"publish","type":"page","link":"https:\/\/revelateurdevotretalent.com\/","title":{"rendered":"Augmenter l&rsquo;efficacit\u00e9 de votre entreprise"},"content":{"rendered":"<p>Bienvenue sur le site de <strong>R\u00e9v\u00e9lateur de Votre Talent<\/strong><\/p>\n<p><b>Augmenter l\u2019efficacit\u00e9 de votre entreprise<\/b><\/p>\n<p>Conseil en organisation\u00a0<\/p>\n\n<p>L&rsquo;am\u00e9lioration, l\u2019adaptation de l\u2019organisation interne est g\u00e9n\u00e9rateur de progr\u00e8s pour toutes les entreprises.<\/p>\n<p>Dans un contexte en perp\u00e9tuelle \u00e9volution, de plus en plus exigeant, il est\u00a0important pour chaque entreprise de\u00a0mettre en \u0153uvre des actions lui permettant d\u2019augmenter son efficacit\u00e9 et de s\u2019adapter aux changements rencontr\u00e9s.<\/p>\n<p>L\u2019entreprise est un syst\u00e8me vivant, et sa structure interne n\u00e9cessite d\u2019\u00e9voluer \/ de s\u2019adapter vis-\u00e0-vis de toutes les situations de vie.<\/p>\n<p>L\u2019\u00e9volution doit apporter un l&rsquo;accroissement de l\u2019efficacit\u00e9 et doit \u00eatre mesurable.<\/p>\n<p>La strat\u00e9gie de l&rsquo;entreprise, l\u2019exploitation de l\u2019analyse des r\u00e9sultats et\u00a0 les relations avec les clients, les employ\u00e9s et les fournisseurs seront \u00e0 adapter pour chaque \u00e9volution majeure de l\u2019entreprise.<\/p>\n<p><strong>Les contextes dans lesquels les entreprises ont une n\u00e9cessit\u00e9 de faire \u00e9voluer leur organisation sont souvent et principalement les suivants:<\/strong><\/p>\n<p><strong>Changement de locaux<\/strong><\/p>\n<p style=\"padding-left: 40px;\">\u00c9volution des flux physiques<\/p>\n<p style=\"padding-left: 40px;\">\u00c9volution des flux d\u2019\u00e9changes de donn\u00e9es<\/p>\n<p style=\"padding-left: 40px;\">\u2026<\/p>\n<p><strong>Ajout de nouveaux mat\u00e9riels et outils<\/strong><\/p>\n<p style=\"padding-left: 40px;\">Mise en place ou \u00e9volution du plan de maintenance<\/p>\n<p style=\"padding-left: 40px;\">Modification de l\u2019implantation existante<\/p>\n<p style=\"padding-left: 40px;\">Mise en place de formations internes<\/p>\n<p style=\"padding-left: 40px;\">\u2026<\/p>\n<p><strong>Evolution de l\u2019effectif<\/strong><\/p>\n<p style=\"padding-left: 40px;\">\u00c9volution du calcul des prix de revient<\/p>\n<p style=\"padding-left: 40px;\">\u00c9volution des t\u00e2ches et du temps pass\u00e9s par personne<\/p>\n<p style=\"padding-left: 40px;\">Identification et suppression des co\u00fbts cach\u00e9s<\/p>\n<p style=\"padding-left: 40px;\">Mise en place de proc\u00e9dures<\/p>\n<p style=\"padding-left: 40px;\">\u00c9volution de la communication<\/p>\n\n<h2 class=\"wp-block-heading\" style=\"color: #248bc7;\"><strong>\u00ab\u00a0faire mieux &#8230;.. et toujours mieux\u00a0\u00bb.<\/strong><\/h2>\n\n<p>\u00a0<\/p>\n","protected":false},"excerpt":{"rendered":"<p>Bienvenue sur le site de R\u00e9v\u00e9lateur de Votre Talent Augmenter l\u2019efficacit\u00e9 de votre entreprise Conseil en organisation\u00a0 L&rsquo;am\u00e9lioration, l\u2019adaptation de l\u2019organisation interne est g\u00e9n\u00e9rateur de progr\u00e8s pour toutes les entreprises. Dans un contexte en perp\u00e9tuelle \u00e9volution, de plus en plus exigeant, il est\u00a0important pour chaque entreprise de\u00a0mettre en \u0153uvre des actions lui permettant d\u2019augmenter son &hellip; <\/p>\n<p class=\"link-more\"><a href=\"https:\/\/revelateurdevotretalent.com\/\" class=\"more-link\">Continuer la lecture<span class=\"screen-reader-text\"> de &laquo;&nbsp;Augmenter l&rsquo;efficacit\u00e9 de votre entreprise&nbsp;&raquo;<\/span><\/a><\/p>\n","protected":false},"author":1,"featured_media":454,"parent":0,"menu_order":0,"comment_status":"closed","ping_status":"closed","template":"","meta":{"footnotes":""},"yoast_head":"<!-- This site is optimized with the Yoast SEO plugin v22.5 - https:\/\/yoast.com\/wordpress\/plugins\/seo\/ -->\n<title>Augmenter l&#039;efficacit\u00e9 de votre entreprise - R\u00e9v\u00e9lateur de votre talent<\/title>\n<meta name=\"description\" content=\"Conseil en organisation - Professions lib\u00e9rales - Entreprises Augmenter l&#039;efficacit\u00e9 de votre entreprise Am\u00e9lioration continue Augmenter l&#039;efficacit\u00e9 de votre entreprise TPE\/PME - Animateur\" \/>\n<meta name=\"robots\" content=\"index, follow, max-snippet:-1, max-image-preview:large, max-video-preview:-1\" \/>\n<link rel=\"canonical\" href=\"https:\/\/revelateurdevotretalent.com\/\" \/>\n<meta property=\"og:locale\" content=\"fr_FR\" \/>\n<meta property=\"og:type\" content=\"article\" \/>\n<meta property=\"og:title\" content=\"Augmenter l&#039;efficacit\u00e9 de votre entreprise - R\u00e9v\u00e9lateur de votre talent\" \/>\n<meta property=\"og:description\" content=\"Conseil en organisation - Professions lib\u00e9rales - Entreprises Augmenter l&#039;efficacit\u00e9 de votre entreprise Am\u00e9lioration continue Augmenter l&#039;efficacit\u00e9 de votre entreprise TPE\/PME - Animateur\" \/>\n<meta property=\"og:url\" content=\"https:\/\/revelateurdevotretalent.com\/\" \/>\n<meta property=\"og:site_name\" content=\"R\u00e9v\u00e9lateur de votre talent\" \/>\n<meta property=\"article:modified_time\" content=\"2024-04-23T07:32:34+00:00\" \/>\n<meta property=\"og:image\" content=\"https:\/\/revelateurdevotretalent.com\/wp-content\/uploads\/2022\/11\/Image1-CONTACT.png\" \/>\n\t<meta property=\"og:image:width\" content=\"1500\" \/>\n\t<meta property=\"og:image:height\" content=\"1125\" \/>\n\t<meta property=\"og:image:type\" content=\"image\/png\" \/>\n<meta name=\"twitter:card\" content=\"summary_large_image\" \/>\n<meta name=\"twitter:label1\" content=\"Dur\u00e9e de lecture estim\u00e9e\" \/>\n\t<meta name=\"twitter:data1\" content=\"2 minutes\" \/>\n<script type=\"application\/ld+json\" class=\"yoast-schema-graph\">{\"@context\":\"https:\/\/schema.org\",\"@graph\":[{\"@type\":\"WebPage\",\"@id\":\"https:\/\/revelateurdevotretalent.com\/\",\"url\":\"https:\/\/revelateurdevotretalent.com\/\",\"name\":\"Augmenter l'efficacit\u00e9 de votre entreprise - R\u00e9v\u00e9lateur de votre talent\",\"isPartOf\":{\"@id\":\"https:\/\/revelateurdevotretalent.com\/#website\"},\"primaryImageOfPage\":{\"@id\":\"https:\/\/revelateurdevotretalent.com\/#primaryimage\"},\"image\":{\"@id\":\"https:\/\/revelateurdevotretalent.com\/#primaryimage\"},\"thumbnailUrl\":\"https:\/\/revelateurdevotretalent.com\/wp-content\/uploads\/2022\/11\/Image1-CONTACT.png\",\"datePublished\":\"2019-09-24T16:49:50+00:00\",\"dateModified\":\"2024-04-23T07:32:34+00:00\",\"description\":\"Conseil en organisation - Professions lib\u00e9rales - Entreprises Augmenter l&#039;efficacit\u00e9 de votre entreprise Am\u00e9lioration continue Augmenter l&#039;efficacit\u00e9 de votre entreprise TPE\/PME - Animateur\",\"breadcrumb\":{\"@id\":\"https:\/\/revelateurdevotretalent.com\/#breadcrumb\"},\"inLanguage\":\"fr-FR\",\"potentialAction\":[{\"@type\":\"ReadAction\",\"target\":[\"https:\/\/revelateurdevotretalent.com\/\"]}]},{\"@type\":\"ImageObject\",\"inLanguage\":\"fr-FR\",\"@id\":\"https:\/\/revelateurdevotretalent.com\/#primaryimage\",\"url\":\"https:\/\/revelateurdevotretalent.com\/wp-content\/uploads\/2022\/11\/Image1-CONTACT.png\",\"contentUrl\":\"https:\/\/revelateurdevotretalent.com\/wp-content\/uploads\/2022\/11\/Image1-CONTACT.png\",\"width\":1500,\"height\":1125},{\"@type\":\"BreadcrumbList\",\"@id\":\"https:\/\/revelateurdevotretalent.com\/#breadcrumb\",\"itemListElement\":[{\"@type\":\"ListItem\",\"position\":1,\"name\":\"Accueil\",\"item\":\"https:\/\/revelateurdevotretalent.com\/\"},{\"@type\":\"ListItem\",\"position\":2,\"name\":\"Augmenter l&rsquo;efficacit\u00e9 de votre entreprise\"}]},{\"@type\":\"WebSite\",\"@id\":\"https:\/\/revelateurdevotretalent.com\/#website\",\"url\":\"https:\/\/revelateurdevotretalent.com\/\",\"name\":\"R\u00e9v\u00e9lateur de votre talent\",\"description\":\"Augmenter l&#039;efficacit\u00e9 de votre entreprise\",\"publisher\":{\"@id\":\"https:\/\/revelateurdevotretalent.com\/#organization\"},\"potentialAction\":[{\"@type\":\"SearchAction\",\"target\":{\"@type\":\"EntryPoint\",\"urlTemplate\":\"https:\/\/revelateurdevotretalent.com\/?s={search_term_string}\"},\"query-input\":\"required name=search_term_string\"}],\"inLanguage\":\"fr-FR\"},{\"@type\":\"Organization\",\"@id\":\"https:\/\/revelateurdevotretalent.com\/#organization\",\"name\":\"REVELATEUR DE VOTRE TALENT\",\"url\":\"https:\/\/revelateurdevotretalent.com\/\",\"logo\":{\"@type\":\"ImageObject\",\"inLanguage\":\"fr-FR\",\"@id\":\"https:\/\/revelateurdevotretalent.com\/#\/schema\/logo\/image\/\",\"url\":\"https:\/\/revelateurdevotretalent.com\/wp-content\/uploads\/2019\/10\/Capture-carte-visite-2.png\",\"contentUrl\":\"https:\/\/revelateurdevotretalent.com\/wp-content\/uploads\/2019\/10\/Capture-carte-visite-2.png\",\"width\":1307,\"height\":605,\"caption\":\"REVELATEUR DE VOTRE TALENT\"},\"image\":{\"@id\":\"https:\/\/revelateurdevotretalent.com\/#\/schema\/logo\/image\/\"}}]}<\/script>\n<!-- \/ Yoast SEO plugin. -->","yoast_head_json":{"title":"Augmenter l'efficacit\u00e9 de votre entreprise - R\u00e9v\u00e9lateur de votre talent","description":"Conseil en organisation - Professions lib\u00e9rales - Entreprises Augmenter l&#039;efficacit\u00e9 de votre entreprise Am\u00e9lioration continue Augmenter l&#039;efficacit\u00e9 de votre entreprise TPE\/PME - Animateur","robots":{"index":"index","follow":"follow","max-snippet":"max-snippet:-1","max-image-preview":"max-image-preview:large","max-video-preview":"max-video-preview:-1"},"canonical":"https:\/\/revelateurdevotretalent.com\/","og_locale":"fr_FR","og_type":"article","og_title":"Augmenter l'efficacit\u00e9 de votre entreprise - R\u00e9v\u00e9lateur de votre talent","og_description":"Conseil en organisation - Professions lib\u00e9rales - Entreprises Augmenter l&#039;efficacit\u00e9 de votre entreprise Am\u00e9lioration continue Augmenter l&#039;efficacit\u00e9 de votre entreprise TPE\/PME - Animateur","og_url":"https:\/\/revelateurdevotretalent.com\/","og_site_name":"R\u00e9v\u00e9lateur de votre talent","article_modified_time":"2024-04-23T07:32:34+00:00","og_image":[{"width":1500,"height":1125,"url":"https:\/\/revelateurdevotretalent.com\/wp-content\/uploads\/2022\/11\/Image1-CONTACT.png","type":"image\/png"}],"twitter_card":"summary_large_image","twitter_misc":{"Dur\u00e9e de lecture estim\u00e9e":"2 minutes"},"schema":{"@context":"https:\/\/schema.org","@graph":[{"@type":"WebPage","@id":"https:\/\/revelateurdevotretalent.com\/","url":"https:\/\/revelateurdevotretalent.com\/","name":"Augmenter l'efficacit\u00e9 de votre entreprise - R\u00e9v\u00e9lateur de votre talent","isPartOf":{"@id":"https:\/\/revelateurdevotretalent.com\/#website"},"primaryImageOfPage":{"@id":"https:\/\/revelateurdevotretalent.com\/#primaryimage"},"image":{"@id":"https:\/\/revelateurdevotretalent.com\/#primaryimage"},"thumbnailUrl":"https:\/\/revelateurdevotretalent.com\/wp-content\/uploads\/2022\/11\/Image1-CONTACT.png","datePublished":"2019-09-24T16:49:50+00:00","dateModified":"2024-04-23T07:32:34+00:00","description":"Conseil en organisation - Professions lib\u00e9rales - Entreprises Augmenter l&#039;efficacit\u00e9 de votre entreprise Am\u00e9lioration continue Augmenter l&#039;efficacit\u00e9 de votre entreprise TPE\/PME - Animateur","breadcrumb":{"@id":"https:\/\/revelateurdevotretalent.com\/#breadcrumb"},"inLanguage":"fr-FR","potentialAction":[{"@type":"ReadAction","target":["https:\/\/revelateurdevotretalent.com\/"]}]},{"@type":"ImageObject","inLanguage":"fr-FR","@id":"https:\/\/revelateurdevotretalent.com\/#primaryimage","url":"https:\/\/revelateurdevotretalent.com\/wp-content\/uploads\/2022\/11\/Image1-CONTACT.png","contentUrl":"https:\/\/revelateurdevotretalent.com\/wp-content\/uploads\/2022\/11\/Image1-CONTACT.png","width":1500,"height":1125},{"@type":"BreadcrumbList","@id":"https:\/\/revelateurdevotretalent.com\/#breadcrumb","itemListElement":[{"@type":"ListItem","position":1,"name":"Accueil","item":"https:\/\/revelateurdevotretalent.com\/"},{"@type":"ListItem","position":2,"name":"Augmenter l&rsquo;efficacit\u00e9 de votre entreprise"}]},{"@type":"WebSite","@id":"https:\/\/revelateurdevotretalent.com\/#website","url":"https:\/\/revelateurdevotretalent.com\/","name":"R\u00e9v\u00e9lateur de votre talent","description":"Augmenter l&#039;efficacit\u00e9 de votre entreprise","publisher":{"@id":"https:\/\/revelateurdevotretalent.com\/#organization"},"potentialAction":[{"@type":"SearchAction","target":{"@type":"EntryPoint","urlTemplate":"https:\/\/revelateurdevotretalent.com\/?s={search_term_string}"},"query-input":"required name=search_term_string"}],"inLanguage":"fr-FR"},{"@type":"Organization","@id":"https:\/\/revelateurdevotretalent.com\/#organization","name":"REVELATEUR DE VOTRE TALENT","url":"https:\/\/revelateurdevotretalent.com\/","logo":{"@type":"ImageObject","inLanguage":"fr-FR","@id":"https:\/\/revelateurdevotretalent.com\/#\/schema\/logo\/image\/","url":"https:\/\/revelateurdevotretalent.com\/wp-content\/uploads\/2019\/10\/Capture-carte-visite-2.png","contentUrl":"https:\/\/revelateurdevotretalent.com\/wp-content\/uploads\/2019\/10\/Capture-carte-visite-2.png","width":1307,"height":605,"caption":"REVELATEUR DE VOTRE TALENT"},"image":{"@id":"https:\/\/revelateurdevotretalent.com\/#\/schema\/logo\/image\/"}}]}},"_links":{"self":[{"href":"https:\/\/revelateurdevotretalent.com\/index.php\/wp-json\/wp\/v2\/pages\/21"}],"collection":[{"href":"https:\/\/revelateurdevotretalent.com\/index.php\/wp-json\/wp\/v2\/pages"}],"about":[{"href":"https:\/\/revelateurdevotretalent.com\/index.php\/wp-json\/wp\/v2\/types\/page"}],"author":[{"embeddable":true,"href":"https:\/\/revelateurdevotretalent.com\/index.php\/wp-json\/wp\/v2\/users\/1"}],"replies":[{"embeddable":true,"href":"https:\/\/revelateurdevotretalent.com\/index.php\/wp-json\/wp\/v2\/comments?post=21"}],"version-history":[{"count":40,"href":"https:\/\/revelateurdevotretalent.com\/index.php\/wp-json\/wp\/v2\/pages\/21\/revisions"}],"predecessor-version":[{"id":574,"href":"https:\/\/revelateurdevotretalent.com\/index.php\/wp-json\/wp\/v2\/pages\/21\/revisions\/574"}],"wp:featuredmedia":[{"embeddable":true,"href":"https:\/\/revelateurdevotretalent.com\/index.php\/wp-json\/wp\/v2\/media\/454"}],"wp:attachment":[{"href":"https:\/\/revelateurdevotretalent.com\/index.php\/wp-json\/wp\/v2\/media?parent=21"}],"curies":[{"name":"wp","href":"https:\/\/api.w.org\/{rel}","templated":true}]}}